{"id":6,"date":"2016-02-13T22:56:18","date_gmt":"2016-02-13T22:56:18","guid":{"rendered":"http:\/\/soaresadvocacia.adv.br\/site\/?page_id=6"},"modified":"2019-08-23T17:18:21","modified_gmt":"2019-08-23T17:18:21","slug":"advogados","status":"publish","type":"page","link":"https:\/\/soaresadvocacia.adv.br\/site\/advogados\/","title":{"rendered":"Advogados"},"content":{"rendered":"<div class=\"authorlist\">\n<div><a href=\"http:\/\/soaresadvocacia.adv.br\/site\/wp-content\/uploads\/2019\/08\/soaresadvocacia_equipe_igorsoares.jpg\"><img loading=\"lazy\" decoding=\"async\" class=\"aligncenter wp-image-1185 size-medium\" src=\"http:\/\/soaresadvocacia.adv.br\/site\/wp-content\/uploads\/2019\/08\/soaresadvocacia_equipe_igorsoares-200x300.jpg\" width=\"200\" height=\"300\" srcset=\"https:\/\/soaresadvocacia.adv.br\/site\/wp-content\/uploads\/2019\/08\/soaresadvocacia_equipe_igorsoares-200x300.jpg 200w, https:\/\/soaresadvocacia.adv.br\/site\/wp-content\/uploads\/2019\/08\/soaresadvocacia_equipe_igorsoares-1x1.jpg 1w, https:\/\/soaresadvocacia.adv.br\/site\/wp-content\/uploads\/2019\/08\/soaresadvocacia_equipe_igorsoares.jpg 499w\" sizes=\"(max-width: 200px) 100vw, 200px\" \/><\/a><\/div>\n<h1 style=\"text-align: center;\">Igor Ara\u00fajo Soares<\/h1>\n<p style=\"text-align: center;\"><em>S\u00f3cio-gerente<\/em><\/p>\n<div class=\"authorDescrption\">\n<ul>\n<li style=\"text-align: justify;\">\u00a0Graduado em direito pelo Centro Universit\u00e1rio de Bras\u00edlia- UNICEUB em julho de 2003;<\/li>\n<li style=\"text-align: justify;\">Membro da Comiss\u00e3o de Assuntos Tribut\u00e1rios da Ordem dos Advogados do Brasil, Subse\u00e7\u00e3o Bras\u00edlia-DF nos bi\u00eanios 2014-2016 e 2016-2018;<\/li>\n<li style=\"text-align: justify;\">Membro da Ordem dos Advogados do Brasil, Se\u00e7\u00e3o Distrito Federal, inscrito sob o n\u00ba 19.311;<\/li>\n<li style=\"text-align: justify;\">Possui Especializa\u00e7\u00e3o, em MBA em Direito e Pol\u00edtica Tribut\u00e1ria;<\/li>\n<li style=\"text-align: justify;\">Possui Especializa\u00e7\u00e3o em Estrat\u00e9gias Societ\u00e1rias, Sucess\u00f3rias e Tributa\u00e7\u00e3o de Empresas Familiares.<\/li>\n<li style=\"text-align: justify;\">S\u00f3cio-gerente e Fundador da Soares Advocacia, sediada em Bras\u00edlia-DF;<\/li>\n<li style=\"text-align: justify;\">Autor de Livros, Palestrante;<\/li>\n<li style=\"text-align: justify;\">Atualmente \u00e9 Professor Universit\u00e1rio no curso de P\u00f3s-Gradua\u00e7\u00e3o em MBA de Gest\u00e3o Tribut\u00e1ria da Universidade Cat\u00f3lica de Bras\u00edlia-DF;<\/li>\n<li style=\"text-align: justify;\">Atualmente \u00e9 Membro Convidado da Frente Parlamentar Mista da Reforma Tribut\u00e1ria na C\u00e2mara dos Deputados.<\/li>\n<li style=\"text-align: justify;\">Idiomas: Portugu\u00eas, Ingl\u00eas e Espanhol<\/li>\n<\/ul>\n<\/div>\n<\/div>\n<div class=\"authorlist2\">\n<div><a href=\"http:\/\/soaresadvocacia.adv.br\/site\/wp-content\/uploads\/2019\/08\/soaresadvocacia_equipe_michelle.jpg\"><img loading=\"lazy\" decoding=\"async\" class=\"aligncenter wp-image-1188 size-medium\" src=\"http:\/\/soaresadvocacia.adv.br\/site\/wp-content\/uploads\/2019\/08\/soaresadvocacia_equipe_michelle-200x300.jpg\" width=\"200\" height=\"300\" srcset=\"https:\/\/soaresadvocacia.adv.br\/site\/wp-content\/uploads\/2019\/08\/soaresadvocacia_equipe_michelle-200x300.jpg 200w, https:\/\/soaresadvocacia.adv.br\/site\/wp-content\/uploads\/2019\/08\/soaresadvocacia_equipe_michelle-1x1.jpg 1w, https:\/\/soaresadvocacia.adv.br\/site\/wp-content\/uploads\/2019\/08\/soaresadvocacia_equipe_michelle.jpg 499w\" sizes=\"(max-width: 200px) 100vw, 200px\" \/><\/a><\/div>\n<h1 style=\"text-align: center;\">Michelle Fontenele de Alc\u00e2ntara<\/h1>\n<p style=\"text-align: center;\"><em>Advogada<br \/>\n<\/em><\/p>\n<div class=\"authorDescrption\">\n<ul>\n<li style=\"text-align: left;\">Graduada em direito pela UDF \u2013 CENTRO UNIVERSIT\u00c1RIO DO DISTRITO FEDERAL.<\/li>\n<li style=\"text-align: left;\">Membro da Ordem dos Advogados do Brasil, Se\u00e7\u00e3o Distrito Federal, inscrita sob o n\u00ba 37.173.<\/li>\n<li style=\"text-align: left;\">P\u00f3s-Graduada em Direito Tribut\u00e1rio \u2013 Universidade Anhanguera \u2013 UNIDERP \/ Rede LFG.<\/li>\n<li style=\"text-align: left;\">Membro da Comiss\u00e3o de Assuntos Tribut\u00e1rios da Ordem dos Advogados do Brasil, Subse\u00e7\u00e3o Bras\u00edlia-DF;<\/li>\n<li style=\"text-align: left;\">Idiomas: Portugu\u00eas, Ingl\u00eas.<\/li>\n<\/ul>\n<\/div>\n<\/div>\n<div class=\"authorlist2\">\n<div>\n<p><a href=\"http:\/\/soaresadvocacia.adv.br\/site\/wp-content\/uploads\/2019\/08\/soaresadvocacia_equipe_sofia.jpg\"><img loading=\"lazy\" decoding=\"async\" class=\"aligncenter wp-image-1189 size-medium\" src=\"http:\/\/soaresadvocacia.adv.br\/site\/wp-content\/uploads\/2019\/08\/soaresadvocacia_equipe_sofia-200x300.jpg\" width=\"200\" height=\"300\" \/><\/a><\/p>\n<\/div>\n<h1 style=\"text-align: center;\">Sofia Wanderley Gayoso de Lima<\/h1>\n<p style=\"text-align: center;\"><em>Advogada<br \/>\n<\/em><\/p>\n<div class=\"authorDescrption\">\n<ul>\n<li style=\"text-align: left;\">Advogada, graduada em Direito pela Universidade Federal da Para\u00edba \u2013 UFPB;<\/li>\n<li style=\"text-align: left;\">Especializada em LLM &#8211; Direito Corporativo e Governan\u00e7a Empresarial, pelo Instituto Brasiliense de Direito P\u00fablico \u2013 IPD;<\/li>\n<li style=\"text-align: left;\">Membro da Comiss\u00e3o de Assuntos Tribut\u00e1rios da Ordem dos Advogados do Brasil, Subse\u00e7\u00e3o Bras\u00edlia-DF;<\/li>\n<li style=\"text-align: left;\">Membro da Comiss\u00e3o de Compliance, ambas da Subse\u00e7\u00e3o Bras\u00edlia-DF;<\/li>\n<li style=\"text-align: left;\">Membro do Tribunal de \u00c9tica e Disciplina, Subse\u00e7\u00e3o Bras\u00edlia-DF;<\/li>\n<li style=\"text-align: left;\">Idiomas: Portugu\u00eas, Ingl\u00eas, Franc\u00eas, Espanhol.<\/li>\n<\/ul>\n<\/div>\n<\/div>\n<div class=\"authorlist2\">\n<div><a href=\"http:\/\/soaresadvocacia.adv.br\/site\/wp-content\/uploads\/2019\/08\/soaresadvocacia_equipe_mayla.jpg\"><img loading=\"lazy\" decoding=\"async\" class=\"aligncenter wp-image-1187 size-medium\" src=\"http:\/\/soaresadvocacia.adv.br\/site\/wp-content\/uploads\/2019\/08\/soaresadvocacia_equipe_mayla-200x300.jpg\" width=\"200\" height=\"300\" srcset=\"https:\/\/soaresadvocacia.adv.br\/site\/wp-content\/uploads\/2019\/08\/soaresadvocacia_equipe_mayla-200x300.jpg 200w, https:\/\/soaresadvocacia.adv.br\/site\/wp-content\/uploads\/2019\/08\/soaresadvocacia_equipe_mayla-1x1.jpg 1w, https:\/\/soaresadvocacia.adv.br\/site\/wp-content\/uploads\/2019\/08\/soaresadvocacia_equipe_mayla.jpg 499w\" sizes=\"(max-width: 200px) 100vw, 200px\" \/><\/a><\/div>\n<h1 style=\"text-align: center;\">Mayla Bezerra Santos<\/h1>\n<p style=\"text-align: center;\"><em>Advogada<br \/>\n<\/em><\/p>\n<div class=\"authorDescrption\">\n<ul>\n<li style=\"text-align: left;\">Graduada em Direito pelo Centro Universit\u00e1rio de Bras\u00edlia \u2013 UniCEUB em agosto de 2017.<\/li>\n<li style=\"text-align: left;\">Membro da Comiss\u00e3o de Assuntos Tribut\u00e1rios da Ordem dos Advogados do Brasil, Subse\u00e7\u00e3o de Bras\u00edlia \u2013 DF.<\/li>\n<li style=\"text-align: left;\">P\u00f3s graduanda em Pr\u00e1tica Processual nos Tribunais \u2013 UniCEUB.<\/li>\n<li style=\"text-align: left;\">Idiomas: Portugu\u00eas, Ingl\u00eas e Espanhol.<\/li>\n<\/ul>\n<\/div>\n<\/div>\n<div class=\"authorlist2\">\n<div><img loading=\"lazy\" decoding=\"async\" class=\"aligncenter wp-image-1191 size-medium\" src=\"http:\/\/soaresadvocacia.adv.br\/site\/wp-content\/uploads\/2016\/02\/soaresadvocacia_equipe_embr-200x300.jpg\" width=\"200\" height=\"300\" srcset=\"https:\/\/soaresadvocacia.adv.br\/site\/wp-content\/uploads\/2016\/02\/soaresadvocacia_equipe_embr-200x300.jpg 200w, https:\/\/soaresadvocacia.adv.br\/site\/wp-content\/uploads\/2016\/02\/soaresadvocacia_equipe_embr-1x1.jpg 1w, https:\/\/soaresadvocacia.adv.br\/site\/wp-content\/uploads\/2016\/02\/soaresadvocacia_equipe_embr.jpg 499w\" sizes=\"(max-width: 200px) 100vw, 200px\" \/><\/div>\n<h1 style=\"text-align: center;\">Alcione Machado Gomes da Rocha<\/h1>\n<p style=\"text-align: center;\"><em>Advogada<br \/>\n<\/em><\/p>\n<div class=\"authorDescrption\">\n<ul>\n<li style=\"text-align: left;\">Bacharelado em Direito no Centro de Ensino Unificado de Bras\u00edlia \u2013 CEUB- Distrito Federal &#8211; Curso conclu\u00eddo em Abril\/1994;<\/li>\n<li style=\"text-align: left;\">Possui especializa\u00e7\u00e3o em Direito P\u00fablico &#8211; UCG- Universidade Cat\u00f3lica de Goi\u00e1s;<\/li>\n<li style=\"text-align: left;\">Foi assessora de Diretoria, da Diretoria Administrativa Financeira e Fiscaliza\u00e7\u00e3o &#8211; DIAFI\/CONAB \u2013 Companhia Nacional de Abastecimento;<\/li>\n<li style=\"text-align: left;\">Foi prestadora de servi\u00e7os contratada pela OAB\/GO &#8211; Ordem dos Advogados do Brasil \u2013 Se\u00e7\u00e3o de Goi\u00e1s para Instrutoria e Defensoria Dativa em Processos Administrativos (\u00e9ticos-disciplinares e de inadimpl\u00eancia), representando o \u00f3rg\u00e3o de classe;<\/li>\n<li style=\"text-align: left;\">Foi Secret\u00e1ria Parlamentar na C\u00e2mara dos Deputados;<\/li>\n<li style=\"text-align: left;\">Idiomas: Portugu\u00eas, Ingl\u00eas.<\/li>\n<\/ul>\n<\/div>\n<\/div>\n<p>&nbsp;<\/p>\n<hr \/>\n<div class=\"authorlist2\">\n<p><a href=\"http:\/\/soaresadvocacia.adv.br\/site\/wp-content\/uploads\/2019\/08\/soaresadvocacia_equipe_luiza.jpg\"><img loading=\"lazy\" decoding=\"async\" class=\"aligncenter wp-image-1186 size-medium\" src=\"http:\/\/soaresadvocacia.adv.br\/site\/wp-content\/uploads\/2019\/08\/soaresadvocacia_equipe_luiza-200x300.jpg\" width=\"200\" height=\"300\" \/><\/a><\/p>\n<h1 style=\"text-align: center;\">Luiza Bianchini Resende<\/h1>\n<p style=\"text-align: center;\"><em>Estagi\u00e1ria<br \/>\n<\/em><\/p>\n<div class=\"authorDescrption\">\n<ul>\n<li style=\"text-align: left;\">Graduanda no curso de Direito pelo Centro Universit\u00e1rio de Bras\u00edlia (UNICEUB), atualmente no 10\u00ba Semestre.<\/li>\n<li style=\"text-align: left;\">Idiomas: Portugu\u00eas, Ingl\u00eas.<\/li>\n<\/ul>\n<\/div>\n<\/div>\n<div class=\"authorlist2\">\n<div>\n<p><a href=\"http:\/\/soaresadvocacia.adv.br\/site\/wp-content\/uploads\/2019\/08\/soaresadvocacia_equipe_georges.jpg\"><img loading=\"lazy\" decoding=\"async\" class=\"aligncenter wp-image-1184 size-medium\" src=\"http:\/\/soaresadvocacia.adv.br\/site\/wp-content\/uploads\/2019\/08\/soaresadvocacia_equipe_georges-200x300.jpg\" width=\"200\" height=\"300\" \/><\/a><\/p>\n<\/div>\n<h1 style=\"text-align: center;\">Georges Hanna Massouh<\/h1>\n<p style=\"text-align: center;\"><em>Estagi\u00e1rio<br \/>\n<\/em><\/p>\n<div class=\"authorDescrption\">\n<ul>\n<li style=\"text-align: left;\">Graduando no curso de Direito pelo Centro Universit\u00e1rio de Bras\u00edlia (UNICEUB), atualmente no 10\u00ba Semestre.<\/li>\n<li style=\"text-align: left;\">Idiomas: Portugu\u00eas, Ingl\u00eas, \u00c1rabe;<\/li>\n<\/ul>\n<\/div>\n<\/div>\n","protected":false},"excerpt":{"rendered":"<p>Igor Ara\u00fajo Soares S\u00f3cio-gerente \u00a0Graduado em direito pelo Centro Universit\u00e1rio de Bras\u00edlia- UNICEUB em julho de 2003; Membro da Comiss\u00e3o de Assuntos Tribut\u00e1rios da Ordem dos Advogados do Brasil, Subse\u00e7\u00e3o Bras\u00edlia-DF nos bi\u00eanios 2014-2016 e 2016-2018; Membro da Ordem dos Advogados do Brasil, Se\u00e7\u00e3o Distrito Federal, inscrito sob o n\u00ba 19.311; Possui Especializa\u00e7\u00e3o, em MBA&#8230;<\/p>\n","protected":false},"author":1,"featured_media":0,"parent":0,"menu_order":0,"comment_status":"closed","ping_status":"closed","template":"page-templates\/full-width.php","meta":{"footnotes":""},"_links":{"self":[{"href":"https:\/\/soaresadvocacia.adv.br\/site\/wp-json\/wp\/v2\/pages\/6"}],"collection":[{"href":"https:\/\/soaresadvocacia.adv.br\/site\/wp-json\/wp\/v2\/pages"}],"about":[{"href":"https:\/\/soaresadvocacia.adv.br\/site\/wp-json\/wp\/v2\/types\/page"}],"author":[{"embeddable":true,"href":"https:\/\/soaresadvocacia.adv.br\/site\/wp-json\/wp\/v2\/users\/1"}],"replies":[{"embeddable":true,"href":"https:\/\/soaresadvocacia.adv.br\/site\/wp-json\/wp\/v2\/comments?post=6"}],"version-history":[{"count":61,"href":"https:\/\/soaresadvocacia.adv.br\/site\/wp-json\/wp\/v2\/pages\/6\/revisions"}],"predecessor-version":[{"id":1192,"href":"https:\/\/soaresadvocacia.adv.br\/site\/wp-json\/wp\/v2\/pages\/6\/revisions\/1192"}],"wp:attachment":[{"href":"https:\/\/soaresadvocacia.adv.br\/site\/wp-json\/wp\/v2\/media?parent=6"}],"curies":[{"name":"wp","href":"https:\/\/api.w.org\/{rel}","templated":true}]}}