{"id":718,"date":"2016-03-28T02:02:54","date_gmt":"2016-03-28T02:02:54","guid":{"rendered":"http:\/\/soaresadvocacia.adv.br\/site\/?page_id=718"},"modified":"2019-10-29T21:10:00","modified_gmt":"2019-10-29T21:10:00","slug":"artigos-obras-publicadas-e-eventos","status":"publish","type":"page","link":"https:\/\/soaresadvocacia.adv.br\/site\/escritorio\/artigos-obras-publicadas-e-eventos\/","title":{"rendered":"Artigos, Publica\u00e7\u00f5es e Eventos"},"content":{"rendered":"<h1>Artigos, Obras Publicadas e Eventos<\/h1>\n<p><img loading=\"lazy\" decoding=\"async\" class=\"alignnone wp-image-731 size-full\" src=\"http:\/\/soaresadvocacia.adv.br\/site\/wp-content\/uploads\/2016\/03\/topos_publicacoes.jpg\" alt=\"topos_publicacoes\" width=\"936\" height=\"142\" srcset=\"https:\/\/soaresadvocacia.adv.br\/site\/wp-content\/uploads\/2016\/03\/topos_publicacoes.jpg 936w, https:\/\/soaresadvocacia.adv.br\/site\/wp-content\/uploads\/2016\/03\/topos_publicacoes-300x46.jpg 300w, https:\/\/soaresadvocacia.adv.br\/site\/wp-content\/uploads\/2016\/03\/topos_publicacoes-768x117.jpg 768w, https:\/\/soaresadvocacia.adv.br\/site\/wp-content\/uploads\/2016\/03\/topos_publicacoes-7x1.jpg 7w\" sizes=\"(max-width: 936px) 100vw, 936px\" \/><\/p>\n<h2>Participa\u00e7\u00e3o em Eventos<\/h2>\n<ul>\n<li>Participa\u00e7\u00e3o da Soares Advocacia e Dr Igor Soares como convidado especialista em tributa\u00e7\u00e3o na instala\u00e7\u00e3o da frente parlamentar da reforma tribut\u00e1ria (27\/mar\/19). <a href=\"http:\/\/soaresadvocacia.adv.br\/site\/2019\/03\/29\/participacao-da-soares-advocacia-e-dr-igor-soares-como-convidado-especialista-em-tributacao-na-instalacao-da-frente-parlamentar-da-reforma-tributaria\/\">Acessar<\/a>.<\/li>\n<li>Participa\u00e7\u00e3o da Soares Advocacia na Frente Parlamentar do Turismo, em prol da hotelaria nacional (13\/mar\/19) . <a href=\"http:\/\/soaresadvocacia.adv.br\/site\/2019\/03\/29\/participacao-da-soares-advocacia-na-frente-parlamentar-do-turismo\/\">Acessar<\/a>.<\/li>\n<li>Participa\u00e7\u00e3o Dr Igor Soares na reuni\u00e3o do Grupo Parlamentar Brasileiro com representantes dos pa\u00edses componentes do BRICS (Brasil, Russia, \u00cdndia, China e \u00c1frica do Sul) (11\/mar\/19). <a href=\"http:\/\/soaresadvocacia.adv.br\/site\/2019\/03\/29\/participacao-dr-igor-soares-na-reuniao-do-grupo-parlamentar-brasileiro-com-representantes-dos-paises-componentes-do-brics\/\">Acessar<\/a>.<\/li>\n<li>Participa\u00e7\u00e3o da Soares Advocacia nos manifestos junto a C\u00e2mara dos deputados e senado federal para aprova\u00e7\u00e3o do PERT \u2013 programa especial de regulariza\u00e7\u00e3o tribut\u00e1ria para as empresas optantes pelo simples nacional. (jan\/2018). <a href=\"http:\/\/soaresadvocacia.adv.br\/site\/2018\/02\/26\/participacao-da-soares-advocacia-nos-manifestos-junto-a-camara-dos-deputados-e-senado-federal-para-aprovacao-do-pert-programa-especial-de-regularizacao-tributaria-para-as-empresas-optantes-pelo-simp\/\">Acessar<\/a>.<\/li>\n<li>Participa\u00e7\u00e3o da Soares Advocacia junto com a ABIH-DF na regulamenta\u00e7\u00e3o da lei universal de acessibilidade para o setor hoteleiro. (jan\/2018). <a href=\"http:\/\/soaresadvocacia.adv.br\/site\/2018\/02\/26\/participacao-da-soares-advocacia-junto-com-a-abih-df-na-regulamentacao-da-lei-universal-de-acessibilidade-para-o-setor-hoteleiro\/\">Acessar<\/a>.<\/li>\n<li>Participa\u00e7\u00e3o da Soares Advocacia nas discuss\u00f5es junto a C\u00e2mara Legislativa do DF para a regulamenta\u00e7\u00e3o da lei do sal\u00e3o parceiro. (out\/2017). <a href=\"http:\/\/soaresadvocacia.adv.br\/site\/2018\/02\/26\/participacao-da-soares-advocacia-nas-discussoes-junto-a-camara-legislativa-do-df-para-a-regulamentacao-da-lei-do-salao-parceiro\/\">Acessar<\/a>.<\/li>\n<li>Reuni\u00e3o da ABIH-DF para busca de melhorias no setor hoteleiro no DF, com a participa\u00e7\u00e3o do Dr. Igor Soares. (out\/2017).\u00a0<a href=\"http:\/\/soaresadvocacia.adv.br\/site\/2017\/10\/23\/reuniao-da-abih-df-para-busca-de-melhorias-no-setor-hoteleiro-no-df-com-a-participacao-do-dr-igor-soares\/\">Acessar<\/a>.<\/li>\n<li>Dr. Igor participa na reportagem da emissora\u00a0Record: \u201cEmpres\u00e1rios querem melhorar a orla da ponte JK\u201d. (07\/08\/2017). <a href=\"http:\/\/soaresadvocacia.adv.br\/site\/2017\/08\/10\/dr-igor-soares-fala-sobre-a-intervencao-da-orla-jk\/\">Acessar<\/a>.<\/li>\n<li>Dr. Igor Soares defende a necessidade de seguran\u00e7a jur\u00eddica quanto ao direito de propriedade. (05\/08\/2017) <a href=\"http:\/\/soaresadvocacia.adv.br\/site\/2017\/08\/10\/dr-igor-soares-defende-a-necessidade-de-seguranca-juridica-quanto-ao-direito-de-propriedade\/\">Acessar<\/a>.<\/li>\n<li>Dr. Igor Soares participa na reportagem do Correio Braziliense \u00a0sobre &#8220;a revitaliza\u00e7\u00e3o da pra\u00e7a pr\u00f3xima \u00e0 Ponte JK e a\u00e7\u00e3o de combate ao com\u00e9rcio irregular no local&#8221;. (29\/06\/17). <a href=\"http:\/\/soaresadvocacia.adv.br\/site\/2017\/07\/04\/comeca-a-revitalizacao-do-espaco-de-lazer-proximo-a-ponte-jk\/\">Acessar<\/a><\/li>\n<li>Advogado Igor Soares participa de reuni\u00e3o promovida pelo GDF sobre o\u00a0combate ao com\u00e9rcio irregular\u00a0(13\/06\/17) &#8211; <a href=\"http:\/\/www.sde.df.gov.br\/noticias-1\/item\/2378-gdf-explica-a-empres%C3%A1rios-como-est%C3%A1-combatendo-com%C3%A9rcio-irregular.html\" target=\"_blank\">Acessar<\/a><\/li>\n<li>CRCDF &#8211; Quest\u00f5es Trabalhistas e Previd\u00eanci\u00e1rias: &#8220;Nova Lei dos Sal\u00f5es de Beleza&#8221;. (17\/02\/17). <a href=\"https:\/\/www.youtube.com\/watch?v=1C7SrzRV3Xs\" target=\"_blank\">Assista o evento.<\/a><\/li>\n<li>Presidiu o painel sobre o tema Media\u00e7\u00e3o e Poder P\u00fablico no I CONGRESSO DE MEDIA\u00c7\u00c3O DA OAB\/DF. (22\/09\/2016) &#8211; <a href=\"http:\/\/soaresadvocacia.adv.br\/site\/wp-content\/uploads\/2016\/09\/Projeto-Congresso-de-Mediac\u0327a\u0303o-OAB-DF_22-09-2016.pdf\">Acessar<\/a>.<\/li>\n<li>Reuni\u00e3o com Comiss\u00e3o de Integra\u00e7\u00e3o CRCDF e Secret\u00e1ria de Fazenda do Distrito Federal, para o esclarecimento de d\u00favidas relacionadas \u00e0s Instru\u00e7\u00f5es Normativas e resolu\u00e7\u00f5es que tratam da emiss\u00e3o de notas fiscais, principalmente as que dizem respeito ao cerceamento de direito de retifica\u00e7\u00e3o dos Livros Fiscais Eletr\u00f4nicos (30\/08\/16) &#8211; <a href=\"http:\/\/soaresadvocacia.adv.br\/site\/2016\/09\/12\/comissao-ouve-consultor-sobre-as-dificuldades-envolvendo-o-malha-fiscal\/\" target=\"_blank\">Acessar<\/a><\/li>\n<li>Semin\u00e1rio ABRADT 2015 (22\/08\/15) &#8211;\u00a0 <a href=\"https:\/\/seminariocarf.wordpress.com\/conferencistas\/\" target=\"_blank\">Acessar<\/a><\/li>\n<li>Hiring b\u00f4nus, desonera\u00e7\u00e3o da folha de sal\u00e1rios e \u00e1gio foram alguns dos temas do curso sobre mat\u00e9rias controvertidas do CARF (03\/04\/14) &#8211; <a href=\"http:\/\/www.cnf.org.br\/noticia\/-\/blogs\/hiring-bonus-desoneracao-da-folha-de-salarios-e-agio-foram-alguns-dos-temas-do-curso-sobre-materias-controvertidas-do-carf\" target=\"_blank\">Acessar<\/a><\/li>\n<\/ul>\n<h2>Publica\u00e7\u00f5es<\/h2>\n<ul>\n<li>A tributa\u00e7\u00e3o do Sal\u00e3o Parceiro (2017) &#8211; \u00a0<a href=\"http:\/\/soaresadvocacia.adv.br\/site\/wp-content\/uploads\/2016\/03\/igor_soares_artigo_tributacao_salao_parceiro.pdf\" target=\"_blank\">Acessar<\/a>.<\/li>\n<\/ul>\n","protected":false},"excerpt":{"rendered":"<p>Artigos, Obras Publicadas e Eventos Participa\u00e7\u00e3o em Eventos Participa\u00e7\u00e3o da Soares Advocacia e Dr Igor Soares como convidado especialista em tributa\u00e7\u00e3o na instala\u00e7\u00e3o da frente parlamentar da reforma tribut\u00e1ria (27\/mar\/19). Acessar. Participa\u00e7\u00e3o da Soares Advocacia na Frente Parlamentar do Turismo, em prol da hotelaria nacional (13\/mar\/19) . Acessar. Participa\u00e7\u00e3o Dr Igor Soares na reuni\u00e3o do&#8230;<\/p>\n","protected":false},"author":1,"featured_media":0,"parent":8,"menu_order":0,"comment_status":"closed","ping_status":"closed","template":"page-templates\/twocolleftsidebar.php","meta":{"footnotes":""},"_links":{"self":[{"href":"https:\/\/soaresadvocacia.adv.br\/site\/wp-json\/wp\/v2\/pages\/718"}],"collection":[{"href":"https:\/\/soaresadvocacia.adv.br\/site\/wp-json\/wp\/v2\/pages"}],"about":[{"href":"https:\/\/soaresadvocacia.adv.br\/site\/wp-json\/wp\/v2\/types\/page"}],"author":[{"embeddable":true,"href":"https:\/\/soaresadvocacia.adv.br\/site\/wp-json\/wp\/v2\/users\/1"}],"replies":[{"embeddable":true,"href":"https:\/\/soaresadvocacia.adv.br\/site\/wp-json\/wp\/v2\/comments?post=718"}],"version-history":[{"count":34,"href":"https:\/\/soaresadvocacia.adv.br\/site\/wp-json\/wp\/v2\/pages\/718\/revisions"}],"predecessor-version":[{"id":1211,"href":"https:\/\/soaresadvocacia.adv.br\/site\/wp-json\/wp\/v2\/pages\/718\/revisions\/1211"}],"up":[{"embeddable":true,"href":"https:\/\/soaresadvocacia.adv.br\/site\/wp-json\/wp\/v2\/pages\/8"}],"wp:attachment":[{"href":"https:\/\/soaresadvocacia.adv.br\/site\/wp-json\/wp\/v2\/media?parent=718"}],"curies":[{"name":"wp","href":"https:\/\/api.w.org\/{rel}","templated":true}]}}